= -0*m + g*m. What is the units digit of m?
4
Let y be (-235)/(-2)*(-240)/(-50). Let i = 876 - y. What is the tens digit of i?
1
Let t be 0 + (79 - 1 - 2). Suppose z = 4*o + t, -4*z - 23 = 4*o - 347. Suppose -z - 30 = -5*f. What is the units digit of f?
2
Let f be 4 + -7 + 4 + 4. Suppose 4*h - 3*b - 2441 = 0, -f*b + 405 = h - 234. What is the tens digit of h?
1
Let g be ((0 + 0 + 1)*-4)/2. What is the tens digit of (3 - -121)/(g*(-2)/4)?
2
Let k = 2 + 7. Suppose 4 = 11*m - 15*m. What is the units digit of 113 - (-1)/(3/k*m)?
0
Let h = -2637 + 4260. What is the tens digit of h?
2
Let o be (1/4*-3)/((-6)/96). Suppose -3*k + 2*q - 2 = -o, 5 = -q. Suppose k = -14*u + 10*u + 352. What is the tens digit of u?
8
Let q(d) = -18*d - 14. Let c be q(-3). What is the units digit of (-44772)/(-35) + 32/c?
0
Let p(z) = -z**3 - 10*z**2 + 8*z + 16. Let x(m) = -m**2 + 5*m + 11. Let v be x(7). Let n be (-5 + 4)/(v/(-33)). What is the tens digit of p(n)?
4
Let j be 203/21 - 1/(-3). Let y = j - 21. Let a(l) = l**3 + 11*l**2 - 2*l - 13. What is the units digit of a(y)?
9
Suppose 9*k - 2860 = 5*k. Suppose -5*p = -240 - k. What is the hundreds digit of p?
1
Let m be (5 + (-81)/9)*-11. What is the hundreds digit of -1 + 4 + 11/(m/6272)?
5
Let c(t) = t**2 + 30*t - 133. Let m be c(4). Suppose w - 1078 = -5*p, 17*p - m*w = 12*p + 1066. What is the hundreds digit of p?
2
Let w(h) be the third derivative of h**4/12 - 9*h**3 - 16*h**2. Let k be w(28). What is the units digit of (k + -4)*(2 + 261/(-6))?
3
Let n(m) be the first derivative of m**4/4 + 2*m**3 - 29*m**2/2 + 14*m + 55. What is the tens digit of n(-7)?
6
Suppose 2*c + 79049 = 3*g + 15266, -2*g - 11*c + 42485 = 0. What is the thousands digit of g?
1
Suppose 373212 = 118*s - 90*s. What is the tens digit of s?
2
Let q = -69 - -75. What is the tens digit of 5 + 1210/(q - 1)?
4
Let f = -17 + 24. Let a(v) = -v - 25. Let y(g) = -6*g - 77. Let c(n) = 8*a(n) - 3*y(n). What is the tens digit of c(f)?
0
Let y be (-15 - -15) + (-4)/((-8)/6). Suppose y*h + 985 = 5*p, -9*p + 394 = -7*p - 3*h. What is the hundreds digit of p?
1
Let q(i) be the third derivative of 0*i - 5/24*i**4 + 5/2*i**3 + 0 + 15*i**2. What is the units digit of q(-8)?
5
Suppose 17*f - 38 = -4. Suppose f*l + 5*k - 20 = -3*l, 0 = -k - 5. Let p(q) = q**2 - 6*q - 10. What is the tens digit of p(l)?
1
What is the ten thousands digit of 995558/34 - ((-7856)/272 - -29)?
2
Suppose -3*m + 3*v - 27 = 0, 4*m + 5*v + 24 = -57. Let w(f) = -f**2 - 29*f - 39. What is the units digit of w(m)?
1
Suppose 0 = -17*y + 307 + 101. Suppose 4*f - 200 + y = 0. What is the units digit of f?
4
Let f = -8 + 0. Let r be (-1800)/(-3)*f/12. Let y = -238 - r. What is the tens digit of y?
6
Let l = 24 + -20. Suppose -l*r + 207 = -2*s - 31, 5*r + s - 315 = 0. Let w = r + 71. What is the tens digit of w?
3
Let p = 78 + 487. What is the hundreds digit of p?
5
Let r = -4 + 26. Suppose 26*i - r*i = 36. What is the units digit of (-3)/i + 1 - (-337)/3?
3
Suppose 3*p = 3*c + 43197, 3*p + 4*c = 6032 + 37207. What is the hundreds digit of p?
4
Let x(m) = 125*m + 2281. What is the thousands digit of x(103)?
5
Let a(o) = 19*o + 34. Let d be a(-2). What is the thousands digit of d/12 + 14608/12?
1
Let r be 4/14 - (-623)/49. Let n(f) = -f + 29 - r + 27 - 5*f. What is the units digit of n(0)?
3
Suppose 5*d + 498*q - 103728 = 494*q, -4*q - 83040 = -4*d. What is the ten thousands digit of d?
2
What is the ten thousands digit of (-2 + (-27)/(-18))*-26086?
1
Let c = -41 - -47. Suppose -c*u - 367 = -2851. What is the tens digit of u?
1
Suppose 15*w + 5*d - 15 = 10*w, -d = 5*w - 19. Suppose w*j - 886 = -4*k - k, k = -2. What is the tens digit of j?
2
Suppose -s + 5*c - 2 + 24 = 0, 2*s = -c + 11. Let y = 11 - s. Suppose -y*a + 300 = 4*r, 5*r - 2*a - 415 = 3*a. What is the tens digit of r?
7
Suppose -8*o - 5*z = -3*o - 2785, 2*o - 1108 = -5*z. Suppose -271 = -5*d - 3*i + o, 3*d + 2*i - 498 = 0. What is the hundreds digit of d?
1
Let v(c) = -519*c + 1252. What is the hundreds digit of v(-10)?
4
Let q = -1216 - -7085. What is the tens digit of q?
6
Let l(h) = -6 + 11*h - h + h**2 + 8*h + 11. Let t be l(-17). Let o(c) = 2*c**2 + 16*c + 3. What is the tens digit of o(t)?
9
Suppose 0 = 100*o - 97*o - 1275. Suppose 2*b = -11*l + 16*l - o, 0 = -l - 4*b + 85. What is the tens digit of l?
8
What is the hundreds digit of 19646/10 + -9 + (-235)/(-25)?
9
Let v = -212 + 212. What is the hundreds digit of (-3 - (-24)/16)*(v + -228)?
3
Let w = 44703 + -15807. What is the units digit of w?
6
Let f(t) = -8*t**3 - 448*t**2 + 61*t + 45. What is the tens digit of f(-57)?
6
Let p(d) = 3*d - 89. Let z be p(31). Suppose -3*t = z*s - 703 - 1946, 2649 = 3*t + 5*s. What is the units digit of t?
3
Suppose -9*s = -5*s - 16. Let c be (-4)/8*-2*s. What is the tens digit of -6*(c + -13) - 1?
5
Let o(u) = 56 - 69*u + 70 - 33 - 40*u. What is the hundreds digit of o(-4)?
5
Let m be ((-1836)/(-30))/(0 + (-2)/(-30)). Suppose -3*z = -2*b - 5*z + m, -z = 2*b - 913. What is the tens digit of b?
5
Suppose -4*b = 5*k + 243 + 526, 2*b = -2. Let g = k - -340. What is the tens digit of g?
8
Suppose -2*l + 9*u + 5119 = 10*u, 4*l - 4*u = 10256. What is the thousands digit of l?
2
Let k = 739 + -1449. Let c = -375 - k. What is the tens digit of c?
3
Let p = 78833 - 44546. What is the tens digit of p?
8
Suppose -g = -2*o + 7, -o + 0*g - 3*g = 0. Suppose 107 = o*t - 3598. What is the thousands digit of t?
1
Let a(y) = 56*y + 61. Let t be a(-1). Suppose -2*g - 5490 = -7*g - 3*q, 1098 = g - t*q. What is the tens digit of g?
9
Suppose 2*c - z + 5 = 0, 4*c + z + 6 - 11 = 0. Suppose 4*w = w + 3*l + 255, 3*w - l - 263 = c. What is the units digit of w?
9
Suppose 11*q + 5 - 5 = 0. Suppose 4*n + q*n + 26 = 2*m, -2 = -4*m - 2*n. Suppose 2*y = m*d - 112 + 474, 4*d = -4*y + 764. What is the tens digit of y?
8
What is the ten thousands digit of (-40164)/8*-2 + 10?
1
Let p = -125 + 404. Suppose v = 4*o - 1976, 4*o + p = -3*v + 2255. Let a = o - 317. What is the hundreds digit of a?
1
Suppose y - 3*y + 4 = -4*t, 0 = 4*y. Let q(n) = 165*n**2 - 15*n - 14. What is the units digit of q(t)?
6
Let t be (-152)/(-266) + (-80)/(-7). Suppose 4*p + 2*y = 1414, 0 = 3*p - 5*y - t - 1081. What is the hundreds digit of p?
3
Suppose 18*f = 99430 - 24604. What is the units digit of f?
7
Let l(x) = 11*x**2 + 6*x - 7. Let h be l(1). Suppose 1732 + 1718 = h*q. What is the units digit of q?
5
Suppose 515 = 2*b + x + 76, -3*b - 2*x + 661 = 0. Suppose -14*o + 217 + b = 0. What is the units digit of o?
1
Let j(n) = 260*n - 4529. What is the hundreds digit of j(25)?
9
Let q(p) = 5*p - 18. Let d be q(4). Suppose d*a = 3*a - 1226. Suppose 0 = -6*s + a + 256. What is the units digit of s?
7
Let i = 935 + 98. Suppose 0 = -15*p + i + 1337. What is the tens digit of p?
5
Suppose 4*y - 2*d = 18, -3*y + 2*d + 22 - 9 = 0. Suppose -4*o = f - 1200, 2*f = y*o - 3*f - 1475. What is the units digit of o?
9
Let b(x) = 4*x**2 - 3*x + 91. Let q(h) = 3*h**2 - 3*h + 90. Let p(c) = -2*b(c) + 3*q(c). Let f be p(0). Let u = f + -35. What is the units digit of u?
3
Let n be (-4 - -4)/((1 - 0)/1). Let j(t) = t**3 - t**2 - 3*t + 385. What is the units digit of j(n)?
5
Suppose 64*z - 63*z - 23 = 0. Suppose -19*d + z*d = 16. Suppose -12 = -d*v + 40. What is the units digit of v?
3
Suppose -3*j + 0*c - c = -20, 10 = 5*j - 3*c. Suppose -10*g - j*g + 5625 = 0. What is the units digit of g?
5
Let a(x) = -2*x**3 - 31*x**2 - 8*x - 4. Let t be a(-15). Let f = t - -115. Let m(b) = b**3 - 3*b**2 + 16*b - 15. What is the tens digit of m(f)?
8
Let h be (4/(-14)*3)/(3/189). Let d = -45 - h. Let c(u) = -u**3 + 12*u**2 - 17*u + 21. What is the tens digit of c(d)?
1
Let t(x) = -x**3 - 17*x**2 + 2*x + 39. Let z be t(-17). Suppose v - 264 = -z*v. What is the units digit of v?
4
Let x = -8 + 12. Suppose -2*y + 216 = x*a - 2*a, 0 = a + 2*y - 110. What is the hundreds digit of a?
1
What is the hundreds digit of 33798/(1*2) + 94/(-517)*44?
8
Let w be (-4 - -2)*11/((-110)/25). Suppose x + p - 496 = 0, -p - 1340 = w*x - 3836. What is the units digit of x?
0
Let j(p) = -5 + 11*p**3 - p + 4*p - 9*p**3 - p**2. What is the units digit of j(3)?
9
Suppose 89*h = 185*h - 84*h - 72684. What is the units digit of h?
7
Let u(w) = 7*w + 6. Let z be u(-6